{"id":230,"date":"2015-03-09T13:36:53","date_gmt":"2015-03-09T12:36:53","guid":{"rendered":"http:\/\/ffw.meinezvk.de\/?page_id=230"},"modified":"2019-02-06T15:05:56","modified_gmt":"2019-02-06T14:05:56","slug":"anfahrt-2","status":"publish","type":"page","link":"https:\/\/versorgungsverband.kvt-zvk.de\/ffw\/anfahrt-2\/","title":{"rendered":"Anfahrt"},"content":{"rendered":"<div class=\"csc-textpic csc-textpic-center csc-textpic-below csc-textpic-caption-r csc-textpic-equalheight\">\n<div class=\"csc-textpic-text\">\n<p>Wir stehen Ihnen nat\u00fcrlich auch pers\u00f6nlich Rede und Antwort. Um jedoch unn\u00f6tige Wartezeiten zu vermeiden, bitten wir um eine vorherige Terminvereinbarung.<\/p>\n<\/div>\n<\/div>\n<p><strong>Unser Sitz<\/strong> befindet sich hier:<\/p>\n<p>Steile Hohle 6<br \/>\n06556 Artern<\/p>\n","protected":false},"excerpt":{"rendered":"<p>Wir stehen Ihnen nat\u00fcrlich auch pers\u00f6nlich Rede und Antwort. Um jedoch unn\u00f6tige Wartezeiten zu vermeiden, bitten wir um eine vorherige Terminvereinbarung. Unser Sitz befindet sich hier: Steile Hohle 6 06556 Artern<\/p>\n","protected":false},"author":1,"featured_media":0,"parent":0,"menu_order":0,"comment_status":"open","ping_status":"open","template":"","meta":{"footnotes":""},"class_list":["post-230","page","type-page","status-publish","hentry"],"_links":{"self":[{"href":"https:\/\/versorgungsverband.kvt-zvk.de\/ffw\/wp-json\/wp\/v2\/pages\/230","targetHints":{"allow":["GET"]}}],"collection":[{"href":"https:\/\/versorgungsverband.kvt-zvk.de\/ffw\/wp-json\/wp\/v2\/pages"}],"about":[{"href":"https:\/\/versorgungsverband.kvt-zvk.de\/ffw\/wp-json\/wp\/v2\/types\/page"}],"author":[{"embeddable":true,"href":"https:\/\/versorgungsverband.kvt-zvk.de\/ffw\/wp-json\/wp\/v2\/users\/1"}],"replies":[{"embeddable":true,"href":"https:\/\/versorgungsverband.kvt-zvk.de\/ffw\/wp-json\/wp\/v2\/comments?post=230"}],"version-history":[{"count":1,"href":"https:\/\/versorgungsverband.kvt-zvk.de\/ffw\/wp-json\/wp\/v2\/pages\/230\/revisions"}],"predecessor-version":[{"id":404,"href":"https:\/\/versorgungsverband.kvt-zvk.de\/ffw\/wp-json\/wp\/v2\/pages\/230\/revisions\/404"}],"wp:attachment":[{"href":"https:\/\/versorgungsverband.kvt-zvk.de\/ffw\/wp-json\/wp\/v2\/media?parent=230"}],"curies":[{"name":"wp","href":"https:\/\/api.w.org\/{rel}","templated":true}]}}