{"id":142,"date":"2015-02-11T14:53:36","date_gmt":"2015-02-11T14:53:36","guid":{"rendered":"http:\/\/ffw.zvk-thueringen.info\/?page_id=142"},"modified":"2023-11-23T13:24:36","modified_gmt":"2023-11-23T12:24:36","slug":"finanzierung","status":"publish","type":"page","link":"https:\/\/versorgungsverband.kvt-zvk.de\/ffw\/arbeitgeber\/finanzierung\/","title":{"rendered":"Finanzierung"},"content":{"rendered":"<p>F\u00fcr die Zeit der Anmeldung eines Angeh\u00f6rigen der Einsatzabteilung zahlt der <strong>Freistaat Th\u00fcringen einen Beitrag von 12 Euro<\/strong> und das <strong>Mitglied einen Beitrag von 6 Euro<\/strong> monatlich an die Feuerwehrkasse.<\/p>\n<p>Die Mitglieder zahlen ihre Beitr\u00e4ge nach n\u00e4herer Bestimmung des \u00a7 18 der Satzung <strong>halbj\u00e4hrlich zum 31.03. und 30.09. jeden Jahres<\/strong>.<\/p>\n<p>Aus den von den Mitgliedern und dem Freistaat Th\u00fcringen gezahlten Gesamtjahresbeitr\u00e4gen werden sodann nach n\u00e4herer Bestimmung des \u00a7 22 der Satzung die Anwartschaften der Kameraden ermittelt und diesen gutgeschrieben.<\/p>\n","protected":false},"excerpt":{"rendered":"<p>F\u00fcr die Zeit der Anmeldung eines Angeh\u00f6rigen der Einsatzabteilung zahlt der Freistaat Th\u00fcringen einen Beitrag von 12 Euro und das Mitglied einen Beitrag von 6 Euro monatlich an die Feuerwehrkasse. Die Mitglieder zahlen ihre&#46;&#46;&#46;<\/p>\n","protected":false},"author":1,"featured_media":0,"parent":42,"menu_order":0,"comment_status":"open","ping_status":"open","template":"","meta":{"footnotes":""},"class_list":["post-142","page","type-page","status-publish","hentry"],"_links":{"self":[{"href":"https:\/\/versorgungsverband.kvt-zvk.de\/ffw\/wp-json\/wp\/v2\/pages\/142","targetHints":{"allow":["GET"]}}],"collection":[{"href":"https:\/\/versorgungsverband.kvt-zvk.de\/ffw\/wp-json\/wp\/v2\/pages"}],"about":[{"href":"https:\/\/versorgungsverband.kvt-zvk.de\/ffw\/wp-json\/wp\/v2\/types\/page"}],"author":[{"embeddable":true,"href":"https:\/\/versorgungsverband.kvt-zvk.de\/ffw\/wp-json\/wp\/v2\/users\/1"}],"replies":[{"embeddable":true,"href":"https:\/\/versorgungsverband.kvt-zvk.de\/ffw\/wp-json\/wp\/v2\/comments?post=142"}],"version-history":[{"count":2,"href":"https:\/\/versorgungsverband.kvt-zvk.de\/ffw\/wp-json\/wp\/v2\/pages\/142\/revisions"}],"predecessor-version":[{"id":513,"href":"https:\/\/versorgungsverband.kvt-zvk.de\/ffw\/wp-json\/wp\/v2\/pages\/142\/revisions\/513"}],"up":[{"embeddable":true,"href":"https:\/\/versorgungsverband.kvt-zvk.de\/ffw\/wp-json\/wp\/v2\/pages\/42"}],"wp:attachment":[{"href":"https:\/\/versorgungsverband.kvt-zvk.de\/ffw\/wp-json\/wp\/v2\/media?parent=142"}],"curies":[{"name":"wp","href":"https:\/\/api.w.org\/{rel}","templated":true}]}}